{"id":33,"date":"2017-10-22T19:29:48","date_gmt":"2017-10-22T19:29:48","guid":{"rendered":"http:\/\/mbbakow.pl\/?page_id=33"},"modified":"2022-06-25T15:58:58","modified_gmt":"2022-06-25T15:58:58","slug":"msze-swiete-2","status":"publish","type":"page","link":"http:\/\/mbbakow.pl\/?page_id=33","title":{"rendered":"Msze \u015awi\u0119te"},"content":{"rendered":"<p><big><strong>Msze \u015bwi\u0119te odbywaj\u0105 si\u0119:<\/strong><\/big><\/p>\n<ul>\n<li>w dni powszednie<\/li>\n<\/ul>\n<p>&#8211; poniedzia\u0142ek, \u015broda, czwartek, pi\u0105tek: 17:00, czerwiec &#8211; wrzesie\u0144 18:00<\/p>\n<p>&#8211; wtorki: 8:00<\/p>\n<ul>\n<li>w soboty: 17:00, czerwiec &#8211; wrzesie\u0144 18:00<\/li>\n<li>w niedziele i \u015bwi\u0119ta: 8:00, 10:30<\/li>\n<\/ul>\n<p>Czytania na ka\u017cdy dzie\u0144<\/p>\n<p><a href=\"http:\/\/mateusz.pl\/czytania\/2020\/\"><img decoding=\"async\" loading=\"lazy\" class=\"alignnone wp-image-21\" src=\"http:\/\/mbbakow.pl\/wp-content\/uploads\/2017\/10\/bible-1866564_1920-1024x683.jpg\" alt=\"\" width=\"344\" height=\"229\" srcset=\"http:\/\/mbbakow.pl\/wp-content\/uploads\/2017\/10\/bible-1866564_1920-1024x683.jpg 1024w, http:\/\/mbbakow.pl\/wp-content\/uploads\/2017\/10\/bible-1866564_1920-300x200.jpg 300w, http:\/\/mbbakow.pl\/wp-content\/uploads\/2017\/10\/bible-1866564_1920-768x512.jpg 768w, http:\/\/mbbakow.pl\/wp-content\/uploads\/2017\/10\/bible-1866564_1920.jpg 1920w\" sizes=\"(max-width: 344px) 100vw, 344px\" \/><\/a><\/p>\n","protected":false},"excerpt":{"rendered":"<p>Msze \u015bwi\u0119te odbywaj\u0105 si\u0119: w dni powszednie &#8211; poniedzia\u0142ek, \u015broda, czwartek, pi\u0105tek: 17:00, czerwiec &#8211; wrzesie\u0144 18:00 &#8211; wtorki: 8:00 w soboty: 17:00, czerwiec &#8211; wrzesie\u0144 18:00 w niedziele i \u015bwi\u0119ta: 8:00, 10:30 Czytania na ka\u017cdy dzie\u0144<\/p>\n","protected":false},"author":1,"featured_media":0,"parent":0,"menu_order":0,"comment_status":"closed","ping_status":"closed","template":"","meta":[],"_links":{"self":[{"href":"http:\/\/mbbakow.pl\/index.php?rest_route=\/wp\/v2\/pages\/33"}],"collection":[{"href":"http:\/\/mbbakow.pl\/index.php?rest_route=\/wp\/v2\/pages"}],"about":[{"href":"http:\/\/mbbakow.pl\/index.php?rest_route=\/wp\/v2\/types\/page"}],"author":[{"embeddable":true,"href":"http:\/\/mbbakow.pl\/index.php?rest_route=\/wp\/v2\/users\/1"}],"replies":[{"embeddable":true,"href":"http:\/\/mbbakow.pl\/index.php?rest_route=%2Fwp%2Fv2%2Fcomments&post=33"}],"version-history":[{"count":16,"href":"http:\/\/mbbakow.pl\/index.php?rest_route=\/wp\/v2\/pages\/33\/revisions"}],"predecessor-version":[{"id":1738,"href":"http:\/\/mbbakow.pl\/index.php?rest_route=\/wp\/v2\/pages\/33\/revisions\/1738"}],"wp:attachment":[{"href":"http:\/\/mbbakow.pl\/index.php?rest_route=%2Fwp%2Fv2%2Fmedia&parent=33"}],"curies":[{"name":"wp","href":"https:\/\/api.w.org\/{rel}","templated":true}]}}